{"id":580,"date":"2024-11-09T12:41:16","date_gmt":"2024-11-09T12:41:16","guid":{"rendered":"https:\/\/redlabeurope.com\/?page_id=580"},"modified":"2024-11-09T19:29:46","modified_gmt":"2024-11-09T19:29:46","slug":"piel-y-rostro","status":"publish","type":"page","link":"https:\/\/redlabeurope.com\/index.php\/piel-y-rostro\/","title":{"rendered":"PIEL Y ROSTRO"},"content":{"rendered":"<p>[et_pb_section fb_built=\u00bb1&#8243; fullwidth=\u00bbon\u00bb admin_label=\u00bbHero\u00bb _builder_version=\u00bb4.27.2&#8243; background_image=\u00bbhttps:\/\/redlabeurope.com\/wp-content\/uploads\/2024\/11\/1-2-1.webp\u00bb background_enable_mask_style=\u00bbon\u00bb background_mask_style=\u00bbcorner-lake\u00bb global_colors_info=\u00bb{}\u00bb][et_pb_fullwidth_header title=\u00bbInnovamos tu marca\u00bb subhead=\u00bbDesarrolla tu l\u00ednea de cuidado de piel con productos que marcan la diferencia.\u00bb button_one_text=\u00bbIR AL PASO A PASO\u00bb button_one_url=\u00bbhttps:\/\/redlabeurope.com\/index.php\/paso-a-paso\/\u00bb content_max_width=\u00bb700px\u00bb _builder_version=\u00bb4.27.2&#8243; title_font=\u00bb&#8211;et_global_heading_font|700|||||||\u00bb title_font_size=\u00bb70px\u00bb title_line_height=\u00bb1.5em\u00bb content_font=\u00bbNunito|600|||||||\u00bb content_font_size=\u00bb20px\u00bb subhead_font=\u00bbLato|700|||||||\u00bb subhead_font_size=\u00bb30px\u00bb subhead_line_height=\u00bb1.8em\u00bb background_color=\u00bbrgba(0,0,0,0)\u00bb use_background_color_gradient=\u00bbon\u00bb background_color_gradient_direction=\u00bb220deg\u00bb background_color_gradient_stops=\u00bbrgba(53,80,160,0.27) 0%|#3550a0 100%\u00bb background_color_gradient_overlays_image=\u00bbon\u00bb background_color_gradient_start=\u00bbrgba(53,80,160,0.27)\u00bb background_color_gradient_end=\u00bb#3550a0&#8243; custom_button_one=\u00bbon\u00bb button_one_text_size=\u00bb16px\u00bb button_one_text_color=\u00bb#000000&#8243; button_one_bg_color=\u00bb#FFFFFF\u00bb button_one_border_width=\u00bb10px\u00bb button_one_border_color=\u00bbrgba(210,159,104,0)\u00bb button_one_border_radius=\u00bb100px\u00bb button_one_font=\u00bbLato|900|||||||\u00bb button_one_use_icon=\u00bboff\u00bb custom_button_two=\u00bbon\u00bb button_two_text_size=\u00bb16px\u00bb button_two_text_color=\u00bb#ffffff\u00bb button_two_bg_color=\u00bbrgba(255,255,255,0.15)\u00bb button_two_border_width=\u00bb10px\u00bb button_two_border_color=\u00bbrgba(210,159,104,0)\u00bb button_two_border_radius=\u00bb100px\u00bb button_two_font=\u00bbLato|900|||||||\u00bb button_two_use_icon=\u00bboff\u00bb custom_margin=\u00bb|||\u00bb custom_padding=\u00bb10vw||10vw||false\u00bb custom_padding_tablet=\u00bb20vw||20vw||true\u00bb custom_padding_phone=\u00bb20vw||20vw||true\u00bb custom_padding_last_edited=\u00bbon|desktop\u00bb title_font_size_tablet=\u00bb50px\u00bb title_font_size_phone=\u00bb32px\u00bb title_font_size_last_edited=\u00bbon|tablet\u00bb button_one_text_color_hover=\u00bb#3550a0&#8243; button_two_text_color_hover=\u00bb#ffffff\u00bb button_one_bg_color_hover=\u00bbrgba(255,255,255,0.8)\u00bb button_two_bg_color_hover=\u00bbrgba(255,255,255,0.3)\u00bb global_colors_info=\u00bb{}\u00bb button_one_text_size__hover_enabled=\u00bboff\u00bb button_two_text_size__hover_enabled=\u00bboff\u00bb button_one_text_color__hover_enabled=\u00bbon\u00bb button_one_text_color__hover=\u00bb#3550a0&#8243; button_two_text_color__hover_enabled=\u00bbon\u00bb button_two_text_color__hover=\u00bb#ffffff\u00bb button_one_border_width__hover_enabled=\u00bboff\u00bb button_two_border_width__hover_enabled=\u00bboff\u00bb button_one_border_color__hover_enabled=\u00bboff\u00bb button_two_border_color__hover_enabled=\u00bboff\u00bb button_one_border_radius__hover_enabled=\u00bboff\u00bb button_two_border_radius__hover_enabled=\u00bboff\u00bb button_one_letter_spacing__hover_enabled=\u00bboff\u00bb button_two_letter_spacing__hover_enabled=\u00bboff\u00bb button_one_bg_color__hover_enabled=\u00bbon\u00bb button_one_bg_color__hover=\u00bbrgba(255,255,255,0.8)\u00bb button_two_bg_color__hover_enabled=\u00bbon\u00bb button_two_bg_color__hover=\u00bbrgba(255,255,255,0.3)\u00bb][\/et_pb_fullwidth_header][\/et_pb_section][et_pb_section fb_built=\u00bb1&#8243; _builder_version=\u00bb4.27.2&#8243; _module_preset=\u00bbdefault\u00bb custom_margin=\u00bb20px||0px||false|false\u00bb custom_padding=\u00bb0px||0px||false|false\u00bb global_colors_info=\u00bb{}\u00bb][et_pb_row column_structure=\u00bb1_2,1_2&#8243; custom_padding_last_edited=\u00bboff|desktop\u00bb _builder_version=\u00bb4.27.2&#8243; background_color=\u00bb#FFFFFF\u00bb custom_margin=\u00bb||||false|false\u00bb custom_padding=\u00bb0px||0px||false|false\u00bb custom_padding_tablet=\u00bb70px|10vw|70px|10vw|true|true\u00bb custom_padding_phone=\u00bb50px||50px||true|true\u00bb box_shadow_horizontal_tablet=\u00bb100vw\u00bb box_shadow_horizontal_phone=\u00bb\u00bb box_shadow_horizontal_last_edited=\u00bbon|phone\u00bb global_colors_info=\u00bb{}\u00bb][et_pb_column type=\u00bb1_2&#8243; _builder_version=\u00bb4.27.2&#8243; background_color=\u00bb#FFC5C5&#8243; transform_scale_tablet=\u00bb\u00bb transform_scale_phone=\u00bb\u00bb transform_scale_last_edited=\u00bbon|desktop\u00bb transform_translate=\u00bb-3vw|0px\u00bb transform_translate_tablet=\u00bb0vw|0px\u00bb transform_translate_phone=\u00bb\u00bb transform_translate_last_edited=\u00bbon|tablet\u00bb transform_translate_linked=\u00bboff\u00bb transform_rotate_tablet=\u00bb\u00bb transform_rotate_phone=\u00bb\u00bb transform_rotate_last_edited=\u00bbon|desktop\u00bb transform_skew_tablet=\u00bb\u00bb transform_skew_phone=\u00bb\u00bb transform_skew_last_edited=\u00bbon|desktop\u00bb transform_origin_tablet=\u00bb\u00bb transform_origin_phone=\u00bb\u00bb transform_origin_last_edited=\u00bbon|desktop\u00bb transform_styles_last_edited=\u00bbon|tablet\u00bb custom_padding=\u00bb80px|60px|80px|60px|true|true\u00bb custom_padding_tablet=\u00bb40px|40px|40px|40px|true|true\u00bb custom_padding_phone=\u00bb|20px||20px|true|true\u00bb custom_padding_last_edited=\u00bbon|phone\u00bb transform_styles_tablet=\u00bb\u00bb transform_styles_phone=\u00bb\u00bb global_colors_info=\u00bb{}\u00bb][et_pb_text _builder_version=\u00bb4.27.2&#8243; text_font=\u00bb||||||||\u00bb text_text_color=\u00bb#000000&#8243; text_font_size=\u00bb16px\u00bb text_line_height=\u00bb2em\u00bb header_font=\u00bb||||||||\u00bb header_2_text_color=\u00bb#000000&#8243; header_3_font=\u00bbRoboto|700|||||||\u00bb header_3_font_size=\u00bb30px\u00bb header_3_line_height=\u00bb1.2em\u00bb background_layout=\u00bbdark\u00bb max_width=\u00bb800px\u00bb custom_margin=\u00bb||30px||false|false\u00bb text_font_size_tablet=\u00bb\u00bb text_font_size_phone=\u00bb14px\u00bb text_font_size_last_edited=\u00bbon|desktop\u00bb text_line_height_last_edited=\u00bboff|phone\u00bb header_3_font_size_tablet=\u00bb22px\u00bb header_3_font_size_phone=\u00bb18px\u00bb header_3_font_size_last_edited=\u00bbon|desktop\u00bb locked=\u00bboff\u00bb global_colors_info=\u00bb{}\u00bb]<\/p>\n<h2 class=\"p1\"><b>Cuidado de la Piel y el Rostro con F\u00f3rmulas Probadas<\/b><\/h2>\n<p class=\"p1\">En RedLab Europe, desarrollamos productos para el cuidado de la piel y el rostro con un enfoque innovador y efectivo. Cada f\u00f3rmula ha sido rigurosamente probada para ofrecer resultados visibles y duraderos, brindando a cada cliente una experiencia de cuidado que protege y revitaliza.<\/p>\n<p>[\/et_pb_text][\/et_pb_column][et_pb_column type=\u00bb1_2&#8243; _builder_version=\u00bb4.16&#8243; global_colors_info=\u00bb{}\u00bb][et_pb_image src=\u00bbhttps:\/\/redlabeurope.com\/wp-content\/uploads\/2024\/11\/1-3.png\u00bb title_text=\u00bb1&#8243; align=\u00bbright\u00bb _builder_version=\u00bb4.27.2&#8243; z_index=\u00bb1&#8243; width=\u00bb100%\u00bb max_width=\u00bb46%\u00bb module_alignment=\u00bbright\u00bb custom_margin=\u00bb-66px|-66px|-66px||true|false\u00bb custom_margin_tablet=\u00bb||||false|false\u00bb custom_margin_phone=\u00bb\u00bb custom_margin_last_edited=\u00bbon|desktop\u00bb locked=\u00bboff\u00bb global_colors_info=\u00bb{}\u00bb][\/et_pb_image][et_pb_image src=\u00bbhttps:\/\/redlabeurope.com\/wp-content\/uploads\/2024\/11\/piel-y-rostro-red-lab.webp\u00bb title_text=\u00bbpiel y rostro red lab\u00bb _builder_version=\u00bb4.27.2&#8243; custom_margin=\u00bb|||-3vw|false|false\u00bb custom_margin_tablet=\u00bb|||0vw|false|false\u00bb custom_margin_phone=\u00bb\u00bb custom_margin_last_edited=\u00bbon|desktop\u00bb locked=\u00bboff\u00bb global_colors_info=\u00bb{}\u00bb][\/et_pb_image][\/et_pb_column][\/et_pb_row][et_pb_row _builder_version=\u00bb4.27.2&#8243; _module_preset=\u00bbdefault\u00bb column_structure=\u00bb1_2,1_2&#8243; custom_margin=\u00bb0px||0px||false|false\u00bb custom_padding=\u00bb0px||0px||false|false\u00bb hover_enabled=\u00bb0&#8243; sticky_enabled=\u00bb0&#8243;][et_pb_column _builder_version=\u00bb4.27.2&#8243; _module_preset=\u00bbdefault\u00bb type=\u00bb1_2&#8243;][et_pb_image src=\u00bbhttps:\/\/redlabeurope.com\/wp-content\/uploads\/2024\/11\/4-1.png\u00bb _builder_version=\u00bb4.27.2&#8243; _module_preset=\u00bbdefault\u00bb hover_enabled=\u00bb0&#8243; sticky_enabled=\u00bb0&#8243; title_text=\u00bb4&#8243; border_radii=\u00bbon|10px|10px|10px|10px\u00bb box_shadow_style=\u00bbpreset1&#8243;][\/et_pb_image][et_pb_text _builder_version=\u00bb4.27.2&#8243; _module_preset=\u00bbdefault\u00bb hover_enabled=\u00bb0&#8243; sticky_enabled=\u00bb0&#8243; custom_padding=\u00bb0px|||||\u00bb header_2_text_align=\u00bbcenter\u00bb]<\/p>\n<h2 class=\"p1\"><b>Cosm\u00e9tica Facial<\/b><\/h2>\n<p class=\"p1\">Descubre f\u00f3rmulas dise\u00f1adas para todo tipo de piel, desarrolladas con ingredientes cuidadosamente seleccionados para cuidar y mejorar el aspecto de la piel del rostro. Nuestra l\u00ednea facial combina innovaci\u00f3n y calidad, ofreciendo soluciones que se adaptan a las necesidades de cada piel.<\/p>\n<p>[\/et_pb_text][\/et_pb_column][et_pb_column _builder_version=\u00bb4.27.2&#8243; _module_preset=\u00bbdefault\u00bb type=\u00bb1_2&#8243;][et_pb_image src=\u00bbhttps:\/\/redlabeurope.com\/wp-content\/uploads\/2024\/11\/5.png\u00bb _builder_version=\u00bb4.27.2&#8243; _module_preset=\u00bbdefault\u00bb hover_enabled=\u00bb0&#8243; sticky_enabled=\u00bb0&#8243; title_text=\u00bb5&#8243; border_radii=\u00bbon|10px|10px|10px|10px\u00bb box_shadow_style=\u00bbpreset1&#8243;][\/et_pb_image][et_pb_text _builder_version=\u00bb4.27.2&#8243; _module_preset=\u00bbdefault\u00bb hover_enabled=\u00bb0&#8243; sticky_enabled=\u00bb0&#8243;]<\/p>\n<h2 class=\"p1\" style=\"text-align: center;\"><b>Cosm\u00e9tica Corporal<\/b><\/h2>\n<p class=\"p1\">Ofrecemos l\u00edneas de tratamiento dise\u00f1adas para responder a las necesidades espec\u00edficas de cada tipo de piel. Con f\u00f3rmulas avanzadas y efectivas, nuestros productos corporales proporcionan hidrataci\u00f3n y cuidado profundo, asegurando resultados visibles y duraderos para una piel saludable y radiante.<\/p>\n<p>[\/et_pb_text][\/et_pb_column][\/et_pb_row][\/et_pb_section][et_pb_section fb_built=\u00bb1&#8243; disabled_on=\u00bboff|off|off\u00bb admin_label=\u00bbFooter\u00bb _builder_version=\u00bb4.27.2&#8243; background_color=\u00bb#FFFFFF\u00bb custom_margin=\u00bb100px||0px||false|false\u00bb custom_padding=\u00bb0px||0px||false|false\u00bb saved_tabs=\u00bball\u00bb global_colors_info=\u00bb{}\u00bb][et_pb_row _builder_version=\u00bb4.27.2&#8243; width=\u00bb100%\u00bb max_width=\u00bb100%\u00bb custom_padding=\u00bb0px||0px|||\u00bb global_colors_info=\u00bb{}\u00bb][et_pb_column type=\u00bb4_4&#8243; _builder_version=\u00bb4.27.2&#8243; global_colors_info=\u00bb{}\u00bb][et_pb_text _builder_version=\u00bb4.27.2&#8243; header_font_size=\u00bb26px\u00bb header_4_font=\u00bbRoboto|800|||||||\u00bb header_4_text_color=\u00bb#29314f\u00bb header_4_font_size=\u00bb160px\u00bb header_5_font_size=\u00bb100px\u00bb transform_scale_tablet=\u00bb\u00bb transform_scale_phone=\u00bb\u00bb transform_scale_last_edited=\u00bbon|desktop\u00bb transform_translate=\u00bb60px|0px\u00bb transform_translate_tablet=\u00bb0px|0px\u00bb transform_translate_phone=\u00bb\u00bb transform_translate_last_edited=\u00bbon|tablet\u00bb transform_translate_linked=\u00bboff\u00bb transform_rotate=\u00bb0deg|0deg|-90deg\u00bb transform_rotate_tablet=\u00bb0deg|0deg|0deg\u00bb transform_rotate_phone=\u00bb\u00bb transform_rotate_last_edited=\u00bbon|desktop\u00bb transform_skew_tablet=\u00bb\u00bb transform_skew_phone=\u00bb\u00bb transform_skew_last_edited=\u00bbon|desktop\u00bb transform_origin=\u00bb0%|50%\u00bb transform_origin_tablet=\u00bb\u00bb transform_origin_phone=\u00bb\u00bb transform_origin_last_edited=\u00bbon|desktop\u00bb transform_styles_last_edited=\u00bbon|tablet\u00bb z_index=\u00bb-8&#8243; max_width=\u00bb400px\u00bb custom_margin=\u00bb-50px||||false|false\u00bb custom_margin_tablet=\u00bb-58px|||-6px|false|false\u00bb custom_margin_phone=\u00bb|||3px|false|false\u00bb custom_margin_last_edited=\u00bbon|phone\u00bb header_4_font_size_tablet=\u00bb80px\u00bb header_4_font_size_phone=\u00bb70px\u00bb header_4_font_size_last_edited=\u00bbon|phone\u00bb header_5_font_size_tablet=\u00bb100px\u00bb header_5_font_size_phone=\u00bb40px\u00bb header_5_font_size_last_edited=\u00bbon|phone\u00bb transform_styles_tablet=\u00bb\u00bb transform_styles_phone=\u00bb\u00bb locked=\u00bboff\u00bb global_colors_info=\u00bb{}\u00bb]<\/p>\n<h5 style=\"text-align: justify;\">Rutinas<\/h5>\n<p>[\/et_pb_text][\/et_pb_column][\/et_pb_row][et_pb_row _builder_version=\u00bb4.27.2&#8243; _module_preset=\u00bbdefault\u00bb global_colors_info=\u00bb{}\u00bb][et_pb_column type=\u00bb4_4&#8243; _builder_version=\u00bb4.27.2&#8243; _module_preset=\u00bbdefault\u00bb global_colors_info=\u00bb{}\u00bb][et_pb_text _builder_version=\u00bb4.27.2&#8243; _module_preset=\u00bbdefault\u00bb global_colors_info=\u00bb{}\u00bb]<\/p>\n<h2 class=\"p1\" style=\"text-align: center;\"><b>Rutinas de Cuidado Facial para tu Marca<\/b><\/h2>\n<p class=\"p1\">En RedLab Europe, dise\u00f1amos rutinas que gu\u00edan a tus clientes en cada paso del cuidado facial, ofreciendo una experiencia completa que facilita el manejo diario de su piel y rostro.<\/p>\n<p>[\/et_pb_text][\/et_pb_column][\/et_pb_row][et_pb_row column_structure=\u00bb1_2,1_2&#8243; _builder_version=\u00bb4.27.2&#8243; custom_margin=\u00bb0px||0px||false|false\u00bb custom_padding=\u00bb0px||0px||false|false\u00bb global_colors_info=\u00bb{}\u00bb][et_pb_column type=\u00bb1_2&#8243; _builder_version=\u00bb4.27.2&#8243; global_colors_info=\u00bb{}\u00bb][et_pb_blurb title=\u00bbRutina Ma\u00f1ana\u00bb image=\u00bbhttps:\/\/redlabeurope.com\/wp-content\/uploads\/2024\/11\/piel-y-rostro-red-lab-1.webp\u00bb _builder_version=\u00bb4.27.2&#8243; _module_preset=\u00bbdefault\u00bb header_text_align=\u00bbcenter\u00bb body_text_align=\u00bbcenter\u00bb background_color=\u00bb#FFF7D1&#8243; global_colors_info=\u00bb{}\u00bb]<\/p>\n<p>\u269b\ufe0e <strong>T\u00f3nico\u00a0<\/strong><\/p>\n<p><strong>\u269b\ufe0e S\u00e9rum\u00a0<\/strong><\/p>\n<p><strong>\u269b\ufe0e Crema de ojos<\/strong><\/p>\n<p><strong>\u269b\ufe0e Crema de d\u00eda<\/strong><\/p>\n<p><strong>\u269b\ufe0e Protector Solar Facial<\/strong><\/p>\n<p>[\/et_pb_blurb][\/et_pb_column][et_pb_column type=\u00bb1_2&#8243; _builder_version=\u00bb4.27.2&#8243; global_colors_info=\u00bb{}\u00bb][et_pb_blurb title=\u00bbRutina Noche\u00bb image=\u00bbhttps:\/\/redlabeurope.com\/wp-content\/uploads\/2024\/11\/piel-y-rostro-red-lab-1-1.webp\u00bb _builder_version=\u00bb4.27.2&#8243; _module_preset=\u00bbdefault\u00bb header_text_align=\u00bbcenter\u00bb background_color=\u00bb#E7F0DC\u00bb global_colors_info=\u00bb{}\u00bb]<\/p>\n<p style=\"text-align: center;\"><strong>\u269b\ufe0e T\u00f3nico\u00a0<\/strong><\/p>\n<p style=\"text-align: center;\"><strong>\u269b\ufe0e S\u00e9rum\u00a0<\/strong><\/p>\n<p style=\"text-align: center;\"><strong>\u269b\ufe0e Tratamientos para el acn\u00e9<\/strong><\/p>\n<p style=\"text-align: center;\"><strong>\u269b\ufe0e Crema de ojos\u00a0<\/strong><\/p>\n<p style=\"text-align: center;\"><strong>\u269b\ufe0e Crema de noche<\/strong><\/p>\n<p>[\/et_pb_blurb][\/et_pb_column][\/et_pb_row][et_pb_row column_structure=\u00bb1_2,1_2&#8243; _builder_version=\u00bb4.27.2&#8243; _module_preset=\u00bbdefault\u00bb background_color=\u00bbRGBA(255,255,255,0)\u00bb global_colors_info=\u00bb{}\u00bb][et_pb_column type=\u00bb1_2&#8243; _builder_version=\u00bb4.27.2&#8243; _module_preset=\u00bbdefault\u00bb global_colors_info=\u00bb{}\u00bb][et_pb_image src=\u00bbhttps:\/\/redlabeurope.com\/wp-content\/uploads\/2024\/11\/ISTAGRAM-REB-LAB-4-1.webp\u00bb title_text=\u00bbISTAGRAM REB LAB (4)\u00bb _builder_version=\u00bb4.27.2&#8243; _module_preset=\u00bbdefault\u00bb width=\u00bb100%\u00bb max_width=\u00bb100%\u00bb min_height=\u00bb100px\u00bb height=\u00bb389px\u00bb height_tablet=\u00bb389px\u00bb height_phone=\u00bb389px\u00bb height_last_edited=\u00bbon|phone\u00bb max_height=\u00bb344px\u00bb global_colors_info=\u00bb{}\u00bb][\/et_pb_image][\/et_pb_column][et_pb_column type=\u00bb1_2&#8243; _builder_version=\u00bb4.27.2&#8243; _module_preset=\u00bbdefault\u00bb global_colors_info=\u00bb{}\u00bb][et_pb_text _builder_version=\u00bb4.27.2&#8243; _module_preset=\u00bbdefault\u00bb custom_margin=\u00bb77px||||false|false\u00bb custom_margin_tablet=\u00bb77px||||false|false\u00bb custom_margin_phone=\u00bb4px||||false|false\u00bb custom_margin_last_edited=\u00bbon|desktop\u00bb global_colors_info=\u00bb{}\u00bb]<\/p>\n<h2 class=\"p1\"><b>Comprometidos con Ingredientes Naturales<\/b><\/h2>\n<p class=\"p1\">En RedLab Europe, hacemos todo lo posible para incorporar ingredientes naturales en nuestras formulaciones. Nuestro objetivo es ofrecer productos de alta calidad que respeten y cuiden la piel, garantizando eficacia y responsabilidad en cada f\u00f3rmula.<\/p>\n<p>[\/et_pb_text][\/et_pb_column][\/et_pb_row][\/et_pb_section][et_pb_section fb_built=\u00bb1&#8243; fullwidth=\u00bbon\u00bb admin_label=\u00bbHero\u00bb _builder_version=\u00bb4.27.2&#8243; background_image=\u00bbhttps:\/\/redlabeurope.com\/wp-content\/uploads\/2024\/11\/Diseno-sin-titulo-74.webp\u00bb custom_margin=\u00bb11px||||false|false\u00bb custom_padding=\u00bb0px||||false|false\u00bb global_colors_info=\u00bb{}\u00bb][et_pb_fullwidth_header title=\u00bbImpulsa tu SPA con productos \u00fanicos\u00bb subhead=\u00bbDesarrolla una l\u00ednea que realce cada tratamiento est\u00e9tico\u00bb button_one_text=\u00bbIR AL PASO A PASO\u00bb button_one_url=\u00bbhttps:\/\/redlabeurope.com\/index.php\/paso-a-paso\/\u00bb content_max_width=\u00bb700px\u00bb _builder_version=\u00bb4.27.2&#8243; title_font=\u00bb&#8211;et_global_heading_font|700|||||||\u00bb title_font_size=\u00bb70px\u00bb title_line_height=\u00bb1.5em\u00bb content_font=\u00bbNunito|600|||||||\u00bb content_font_size=\u00bb20px\u00bb subhead_font=\u00bbLato|700|||||||\u00bb subhead_font_size=\u00bb30px\u00bb subhead_line_height=\u00bb1.8em\u00bb background_color=\u00bbrgba(0,0,0,0)\u00bb use_background_color_gradient=\u00bbon\u00bb background_color_gradient_direction=\u00bb220deg\u00bb background_color_gradient_stops=\u00bbrgba(53,80,160,0.27) 0%|#3550a0 100%\u00bb background_color_gradient_overlays_image=\u00bbon\u00bb background_color_gradient_start=\u00bbrgba(53,80,160,0.27)\u00bb background_color_gradient_end=\u00bb#3550a0&#8243; custom_button_one=\u00bbon\u00bb button_one_text_size=\u00bb16px\u00bb button_one_text_color=\u00bb#3550a0&#8243; button_one_bg_color=\u00bb#ffffff\u00bb button_one_border_width=\u00bb10px\u00bb button_one_border_color=\u00bbrgba(210,159,104,0)\u00bb button_one_border_radius=\u00bb100px\u00bb button_one_font=\u00bbLato|900|||||||\u00bb button_one_use_icon=\u00bboff\u00bb custom_button_two=\u00bbon\u00bb button_two_text_size=\u00bb16px\u00bb button_two_text_color=\u00bb#ffffff\u00bb button_two_bg_color=\u00bbrgba(255,255,255,0.15)\u00bb button_two_border_width=\u00bb10px\u00bb button_two_border_color=\u00bbrgba(210,159,104,0)\u00bb button_two_border_radius=\u00bb100px\u00bb button_two_font=\u00bbLato|900|||||||\u00bb button_two_use_icon=\u00bboff\u00bb custom_margin=\u00bb|||\u00bb custom_padding=\u00bb10vw||10vw||false\u00bb custom_padding_tablet=\u00bb20vw||20vw||true\u00bb custom_padding_phone=\u00bb20vw||20vw||true\u00bb custom_padding_last_edited=\u00bbon|desktop\u00bb title_font_size_tablet=\u00bb50px\u00bb title_font_size_phone=\u00bb32px\u00bb title_font_size_last_edited=\u00bbon|tablet\u00bb button_one_text_color_hover=\u00bb#3550a0&#8243; button_two_text_color_hover=\u00bb#ffffff\u00bb button_one_bg_color_hover=\u00bbrgba(255,255,255,0.8)\u00bb button_two_bg_color_hover=\u00bbrgba(255,255,255,0.3)\u00bb global_colors_info=\u00bb{}\u00bb button_one_text_size__hover_enabled=\u00bboff\u00bb button_two_text_size__hover_enabled=\u00bboff\u00bb button_one_text_color__hover_enabled=\u00bbon\u00bb button_one_text_color__hover=\u00bb#3550a0&#8243; button_two_text_color__hover_enabled=\u00bbon\u00bb button_two_text_color__hover=\u00bb#ffffff\u00bb button_one_border_width__hover_enabled=\u00bboff\u00bb button_two_border_width__hover_enabled=\u00bboff\u00bb button_one_border_color__hover_enabled=\u00bboff\u00bb button_two_border_color__hover_enabled=\u00bboff\u00bb button_one_border_radius__hover_enabled=\u00bboff\u00bb button_two_border_radius__hover_enabled=\u00bboff\u00bb button_one_letter_spacing__hover_enabled=\u00bboff\u00bb button_two_letter_spacing__hover_enabled=\u00bboff\u00bb button_one_bg_color__hover_enabled=\u00bbon\u00bb button_one_bg_color__hover=\u00bbrgba(255,255,255,0.8)\u00bb button_two_bg_color__hover_enabled=\u00bbon\u00bb button_two_bg_color__hover=\u00bbrgba(255,255,255,0.3)\u00bb][\/et_pb_fullwidth_header][\/et_pb_section][et_pb_section fb_built=\u00bb1&#8243; _builder_version=\u00bb4.27.2&#8243; _module_preset=\u00bbdefault\u00bb custom_margin=\u00bb5px||5px||false|false\u00bb global_colors_info=\u00bb{}\u00bb][et_pb_row column_structure=\u00bb1_3,1_3,1_3&#8243; _builder_version=\u00bb4.27.2&#8243; _module_preset=\u00bbdefault\u00bb custom_margin=\u00bb0px||0px||false|false\u00bb custom_padding=\u00bb0px||0px||false|false\u00bb global_colors_info=\u00bb{}\u00bb][et_pb_column type=\u00bb1_3&#8243; _builder_version=\u00bb4.27.2&#8243; _module_preset=\u00bbdefault\u00bb global_colors_info=\u00bb{}\u00bb][et_pb_testimonial portrait_url=\u00bbhttps:\/\/redlabeurope.com\/wp-content\/uploads\/2024\/11\/Diseno-sin-titulo-75.webp\u00bb font_icon=\u00bb&#xf0a3;||fa||900&#8243; _builder_version=\u00bb4.27.2&#8243; _module_preset=\u00bbdefault\u00bb global_colors_info=\u00bb{}\u00bb]<\/p>\n<p class=\"p1\"><b>Certificaci\u00f3n GMP<\/b><\/p>\n<p class=\"p1\">Estamos certificados en Buenas Pr\u00e1cticas de Manufactura (GMP), lo que asegura que cada etapa de nuestro proceso cumple con estrictos est\u00e1ndares de calidad y seguridad.<\/p>\n<p class=\"p1\">[\/et_pb_testimonial][\/et_pb_column][et_pb_column type=\u00bb1_3&#8243; _builder_version=\u00bb4.27.2&#8243; _module_preset=\u00bbdefault\u00bb global_colors_info=\u00bb{}\u00bb][et_pb_testimonial portrait_url=\u00bbhttps:\/\/redlabeurope.com\/wp-content\/uploads\/2024\/11\/1-2.webp\u00bb font_icon=\u00bb&#xf492;||fa||900&#8243; _builder_version=\u00bb4.27.2&#8243; _module_preset=\u00bbdefault\u00bb global_colors_info=\u00bb{}\u00bb]<\/p>\n<p class=\"p1\"><b>\u00bfBuscas una garant\u00eda dermatol\u00f3gica para tus productos?<\/b><\/p>\n<p class=\"p1\">Contamos con el servicio adicional de pruebas dermatol\u00f3gicas para asegurar que cada f\u00f3rmula cumpla con altos est\u00e1ndares de seguridad y efectividad.<\/p>\n<p>[\/et_pb_testimonial][\/et_pb_column][et_pb_column type=\u00bb1_3&#8243; _builder_version=\u00bb4.27.2&#8243; _module_preset=\u00bbdefault\u00bb global_colors_info=\u00bb{}\u00bb][et_pb_testimonial portrait_url=\u00bbhttps:\/\/redlabeurope.com\/wp-content\/uploads\/2024\/11\/ISTAGRAM-REB-LAB-500-x-500-px-1.webp\u00bb font_icon=\u00bb&#xf299;||fa||400&#8243; _builder_version=\u00bb4.27.2&#8243; _module_preset=\u00bbdefault\u00bb custom_padding=\u00bb|||60px||\u00bb global_colors_info=\u00bb{}\u00bb]<\/p>\n<p class=\"p1\"><b>Compromiso Ambiental<\/b><\/p>\n<p class=\"p1\">Nuestros envases, usamos materiales reciclados como parte de nuestro compromiso ambiental. Nos esforzamos en reducir el impacto ecol\u00f3gico<\/p>\n<p>[\/et_pb_testimonial][\/et_pb_column][\/et_pb_row][\/et_pb_section]<\/p>\n","protected":false},"excerpt":{"rendered":"<p>Cuidado de la Piel y el Rostro con F\u00f3rmulas Probadas En RedLab Europe, desarrollamos productos para el cuidado de la piel y el rostro con un enfoque innovador y efectivo. Cada f\u00f3rmula ha sido rigurosamente probada para ofrecer resultados visibles y duraderos, brindando a cada cliente una experiencia de cuidado que protege y revitaliza.Cosm\u00e9tica Facial [&hellip;]<\/p>\n","protected":false},"author":1,"featured_media":0,"parent":0,"menu_order":0,"comment_status":"closed","ping_status":"closed","template":"","meta":{"_et_pb_use_builder":"on","_et_pb_old_content":"","_et_gb_content_width":"","footnotes":""},"class_list":["post-580","page","type-page","status-publish","hentry"],"_links":{"self":[{"href":"https:\/\/redlabeurope.com\/index.php\/wp-json\/wp\/v2\/pages\/580","targetHints":{"allow":["GET"]}}],"collection":[{"href":"https:\/\/redlabeurope.com\/index.php\/wp-json\/wp\/v2\/pages"}],"about":[{"href":"https:\/\/redlabeurope.com\/index.php\/wp-json\/wp\/v2\/types\/page"}],"author":[{"embeddable":true,"href":"https:\/\/redlabeurope.com\/index.php\/wp-json\/wp\/v2\/users\/1"}],"replies":[{"embeddable":true,"href":"https:\/\/redlabeurope.com\/index.php\/wp-json\/wp\/v2\/comments?post=580"}],"version-history":[{"count":18,"href":"https:\/\/redlabeurope.com\/index.php\/wp-json\/wp\/v2\/pages\/580\/revisions"}],"predecessor-version":[{"id":636,"href":"https:\/\/redlabeurope.com\/index.php\/wp-json\/wp\/v2\/pages\/580\/revisions\/636"}],"wp:attachment":[{"href":"https:\/\/redlabeurope.com\/index.php\/wp-json\/wp\/v2\/media?parent=580"}],"curies":[{"name":"wp","href":"https:\/\/api.w.org\/{rel}","templated":true}]}}